86216?
False
Is 63517614 a multiple of 12?
False
Is 40589248 a multiple of 28?
True
Is 412 a factor of 64700068?
True
Is 36588672 a multiple of 24?
True
Is 13148 a factor of 478389980?
True
Is 133 a factor of 3316164?
False
Does 68 divide 23987204?
True
Is 75 a factor of 10041339?
False
Is 663 a factor of 2734479189?
True
Is 266700143 a multiple of 24?
False
Does 215 divide 17744111?
False
Does 100 divide 116788100?
True
Does 22 divide 8444462496?
False
Is 28737962 a multiple of 47?
True
Does 46 divide 213978756?
False
Is 29 a factor of 52266562?
False
Is 13 a factor of 1409031?
True
Is 20399526 a multiple of 21?
True
Is 60586680 a multiple of 1826?
True
Is 23989239 a multiple of 24?
False
Is 362798729 a multiple of 744?
False
Is 256 a factor of 83450624?
True
Is 70942273 a multiple of 19?
False
Is 3295 a factor of 3123808275?
True
Does 318 divide 76506348?
True
Does 51 divide 804300192?
True
Is 338551273 a multiple of 1594?
False
Is 5 a factor of 348969?
False
Does 89 divide 20012184?
True
Does 67 divide 54641917?
True
Is 242 a factor of 9230364?
True
Does 931 divide 88917846?
False
Is 77638932 a multiple of 1764?
True
Is 2025 a factor of 28848150?
True
Does 715 divide 310566685?
True
Is 4544 a factor of 39573890?
False
Is 25244549 a multiple of 152?
False
Is 76304352 a multiple of 1266?
True
Is 3621090 a multiple of 62?
False
Does 564 divide 777602960?
False
Is 290 a factor of 2561931018?
False
Is 2851 a factor of 450551898?
False
Is 1126 a factor of 111840245?
False
Does 112 divide 1869760704?
True
Is 1739 a factor of 584922575?
False
Does 1085 divide 30876508?
False
Does 3468 divide 3057943680?
True
Is 178 a factor of 701451962?
False
Does 1430 divide 160521790?
True
Does 7 divide 4453113?
True
Is 5844552 a multiple of 57?
True
Is 867737934 a multiple of 27?
True
Does 29 divide 234825964?
False
Does 74 divide 26315893?
False
Is 375707990 a multiple of 35?
True
Is 2804066452 a multiple of 44?
True
Is 61115058 a multiple of 1577?
True
Is 27 a factor of 46323630?
True
Is 14 a factor of 105235718?
True
Is 15499508 a multiple of 421?
False
Is 76698033 a multiple of 432?
False
Is 2408519601 a multiple of 2499?
False
Is 16733892 a multiple of 1337?
True
Does 747 divide 13648437?
True
Does 549 divide 479411963?
False
Is 23 a factor of 1660206787?
False
Is 6774 a factor of 570836561?
False
Does 4 divide 53692231?
False
Is 448 a factor of 8463896?
False
Is 228 a factor of 151175172?
True
Is 955920361 a multiple of 2?
False
Is 138 a factor of 51716169?
False
Is 51273219 a multiple of 2730?
False
Is 1955657646 a multiple of 3107?
False
Is 40 a factor of 144582858?
False
Is 674818754 a multiple of 11?
False
Is 64 a factor of 858560?
True
Does 22 divide 22959364?
False
Is 6 a factor of 2761536?
True
Is 10079860 a multiple of 2314?
False
Does 13 divide 1912810381?
False
Is 777124467 a multiple of 128?
False
Is 80097459 a multiple of 403?
True
Is 4 a factor of 1902190?
False
Does 113 divide 3268073?
True
Is 51 a factor of 444225428?
False
Does 383 divide 919743?
False
Is 507935547 a multiple of 2272?
False
Is 13230795 a multiple of 52?
False
Does 391 divide 41301705?
False
Does 34 divide 66947486?
False
Does 2 divide 37946821?
False
Is 721636915 a multiple of 213?
False
Does 755 divide 626793528?
False
Is 1136866540 a multiple of 460?
True
Is 18454480 a multiple of 10?
True
Is 2302909 a multiple of 269?
True
Does 14 divide 1411110437?
False
Is 39 a factor of 15758808?
True
Does 119 divide 2425296951?
False
Is 22502844 a multiple of 91?
True
Is 107161474 a multiple of 382?
False
Is 64905165 a multiple of 4063?
False
Does 749 divide 51330468?
True
Does 34 divide 25059326?
True
Is 118 a factor of 1182303821?
False
Is 338 a factor of 1112521254?
True
Is 96 a factor of 430612072?
False
Is 3 a factor of 16851129?
True
Does 47 divide 607461887?
True
Is 44893711 a multiple of 8?
False
Is 1392643406 a multiple of 4802?
False
Is 4768 a factor of 127739488?
True
Does 623 divide 1720080623?
False
Is 13446125 a multiple of 635?
True
Does 1322 divide 464938842?
False
Is 30 a factor of 10926660?
True
Is 217 a factor of 167180272?
True
Is 42218231 a multiple of 2725?
False
Is 12 a factor of 33999588?
True
Is 23177793 a multiple of 62?
False
Is 2085 a factor of 1042366924?
False
Is 137136395 a multiple of 10?
False
Is 32241299 a multiple of 109?
False
Is 487607622 a multiple of 175?
False
Does 39 divide 49879245?
True
Is 306151732 a multiple of 126?
False
Is 1883796633 a multiple of 2892?
False
Does 517 divide 404625502?
False
Does 40 divide 2065092880?
True
Is 81 a factor of 268846405?
False
Is 620 a factor of 44809880?
True
Is 2673 a factor of 585175833?
True
Is 2561 a factor of 35457045?
True
Does 11 divide 20944407?
True
Is 132 a factor of 244025885?
False
Does 12 divide 596659716?
True
Is 166 a factor of 241979528?
True
Does 2547 divide 111410277?
False
Is 77 a factor of 3074569?
False
Does 656 divide 514264952?
False
Does 27 divide 261063?
True
Is 40 a factor of 342440?
True
Is 67408657 a multiple of 20?
False
Is 97850047 a multiple of 1145?
False
Is 16122808 a multiple of 29?
False
Is 711095624 a multiple of 10?
False
Does 1541 divide 150122679?
True
Is 66359467 a multiple of 25?
False
Is 15 a factor of 336539802?
False
Does 43 divide 184373044?
False
Does 18 divide 190350630?
True
Is 152752756 a multiple of 26?
True
Does 1770 divide 103166534?
False
Is 8 a factor of 20687226?
False
Is 10680855 a multiple of 1865?
True
Does 594 divide 6021119?
False
Is 19430018 a multiple of 60?
False
Is 380364969 a multiple of 12?
False
Is 6074032 a multiple of 50?
False
Is 176808623 a multiple of 6?
False
Is 491648 a multiple of 15?
False
Is 265 a factor of 786644942?
False
Does 875 divide 257375125?
True
Is 335 a factor of 12574100?
False
Is 623529801 a multiple of 314?
False
Does 28 divide 40384260?
True
Does 11 divide 100697476?
True
Is 7 a factor of 3416805?
True
Is 4642232 a multiple of 14?
True
Does 6 divide 192601098?
True
Is 469313433 a multiple of 914?
False
Does 188 divide 11479092?
True
Does 2 divide 70364265?
False
Does 14 divide 43661828?
True
Does 13 divide 353194550?
False
Does 11 divide 63762260?
False
Is 530 a factor of 258536121?
False
Does 188 divide 639814760?
True
Does 3552 divide 89368320?
True
Is 1695 a factor of 126758880?
True
Does 56 divide 16359719?
False
Does 154 divide 46240656?
True
Is 407 a factor of 132345411?
True
Is 703 a factor of 219443559?
True
Is 16 a factor of 400243136?
True
Is 23 a factor of 14549956?
False
Is 65 a factor of 35860100?
False
Does 12 divide 2883251972?
False
Is 313 a factor of 246614731?
False
Does 16 divide 502794960?
True
Is 12 a factor of 7721895?
False
Is 71908513 a multiple of 105?
False
Is 18601284 a multiple of 12?
True
Does 622 divide 362808246?
True
Is 206947692 a multiple of 4041?
True
Does 1532 divide 4502835299?
False
Does 34 divide 53006?
True
Does 8 divide 39339745?
False
Is 7 a factor of 258560710?
False
Is 192426720 a multiple of 20?
True
Is 190 a factor of 14443800?
True
Is 574895836 a multiple of 287?
False
Does 28 divide 10033912?
True
Is 32963540 a multiple of 316?
True
Is 56640773 a multiple of 73?
True
Is 595 a factor of 29418585?
True
Does 7956 divide 5056136732?
False
Is 46270889 a multiple of 365?
False
Is 12 a factor of 744889800?
True
Does 1600 divide 513372325?
False
Is 5165667 a multiple of 321?
False
Is 247 a factor of 94352475?
False
Is 57228132 a multiple of 2028?
True
Does 150 divide 72887089?
False
Does 11 divide 72483893?
False
Is 5124861 a multiple of 49?
True
Does 9 divide 110798668?
False
Is 126 a factor of 497962230?
False
Does 10 divide 9032966?
False
Does 2562 divide 50801898?
True
Is 444540214 a multiple of 14?
False
Is 1925123377 a multiple of 9?
False
Is 30964765 a multiple of 40?
False
Is 2 a factor of 11851052?
True
Is 48 a factor of 154057216?
False
Is 95 a factor of 13347333?
False
Is 108676260 a multiple of 231?
True
Does 1898 divide 265877534?
True
Does 27 divide 663376105?
False
Does 577 divide 404208695?
True
Is 6602582 a multiple of 53?
False
Does 53 divide 151792352?
False
Is 245372590 a multiple of 2866?
True
Is 571027 a multiple of 1289?
True
Is 37 a factor of 15130669?
True
Does 36 divide 442975441?
False
Is 90551078 a multiple of 1297?
False
Does 29 divide 655225